{"id":259,"date":"2025-07-22T03:57:32","date_gmt":"2025-07-22T03:57:32","guid":{"rendered":"https:\/\/cidihca.press\/?page_id=259"},"modified":"2025-08-01T05:19:38","modified_gmt":"2025-08-01T09:19:38","slug":"press","status":"publish","type":"page","link":"https:\/\/cidihca.press\/?page_id=259","title":{"rendered":"Press"},"content":{"rendered":"<p style=\"text-align: left;\"><span style=\"color: #000000;\"><strong>Relations M\u00e9dias<\/strong><\/span><\/p>\n<ul>\n<li><span style=\"color: #000000;\">1 <strong>Mariloud&rsquo;<em>art<\/em><\/strong><\/span><\/li>\n<\/ul>\n<blockquote class=\"wp-embedded-content\" data-secret=\"xqNW1I7uZU\"><p><a href=\"https:\/\/internationaldiplomat.ca\/arts\/mariloudart-spectacle-termine\/\">Mariloud\u2019art &#8211; Spectacle termin\u00e9<\/a><\/p><\/blockquote>\n<p><iframe loading=\"lazy\" class=\"wp-embedded-content\" sandbox=\"allow-scripts\" security=\"restricted\" style=\"position: absolute; visibility: hidden;\" title=\"&#8220;Mariloud\u2019art &#8211; Spectacle termin\u00e9&#8221; &#8212; International Diplomat Canada\" src=\"https:\/\/internationaldiplomat.ca\/arts\/mariloudart-spectacle-termine\/embed\/#?secret=2djhuCHGCf#?secret=xqNW1I7uZU\" data-secret=\"xqNW1I7uZU\" width=\"500\" height=\"282\" frameborder=\"0\" marginwidth=\"0\" marginheight=\"0\" scrolling=\"no\"><\/iframe><\/p>\n<ul>\n<li><span style=\"color: #000000;\">2 <strong>Anthony Phelps<\/strong><\/span><\/li>\n<\/ul>\n<blockquote class=\"wp-embedded-content\" data-secret=\"jDSchkE77h\"><p><a href=\"https:\/\/internationaldiplomat.ca\/international\/litterature-litteratures-phelps-grimaldi-kauss-baaz-drummond-milce-l-l-laventure\/\">Litt\u00e9rature Litt\u00e9ratures: Phelps, Grimaldi, Kauss, Baaz, Drummond, Milc\u00e9, L.L. Laventure<\/a><\/p><\/blockquote>\n<p><iframe loading=\"lazy\" class=\"wp-embedded-content\" sandbox=\"allow-scripts\" security=\"restricted\" style=\"position: absolute; visibility: hidden;\" title=\"&#8220;Litt\u00e9rature Litt\u00e9ratures: Phelps, Grimaldi, Kauss, Baaz, Drummond, Milc\u00e9, L.L. Laventure&#8221; &#8212; International Diplomat Canada\" src=\"https:\/\/internationaldiplomat.ca\/international\/litterature-litteratures-phelps-grimaldi-kauss-baaz-drummond-milce-l-l-laventure\/embed\/#?secret=6k4wWt93b7#?secret=jDSchkE77h\" data-secret=\"jDSchkE77h\" width=\"500\" height=\"282\" frameborder=\"0\" marginwidth=\"0\" marginheight=\"0\" scrolling=\"no\"><\/iframe><\/p>\n<ul>\n<li><strong>3 Frantz Voltaire<\/strong><\/li>\n<\/ul>\n<blockquote class=\"wp-embedded-content\" data-secret=\"UeWOZ2D7JB\"><p><a href=\"https:\/\/internationaldiplomat.ca\/international\/dilplomatie\/frantz-voltaire-laureat-medaille-de-vermeil-de-lacademie-francaise\/\">Frantz Voltaire Laur\u00e9at M\u00e9daille de Vermeil de l&#8217;Acad\u00e9mie fran\u00e7aise<\/a><\/p><\/blockquote>\n<p><iframe loading=\"lazy\" class=\"wp-embedded-content\" sandbox=\"allow-scripts\" security=\"restricted\" style=\"position: absolute; visibility: hidden;\" title=\"&#8220;Frantz Voltaire Laur\u00e9at M\u00e9daille de Vermeil de l&#8217;Acad\u00e9mie fran\u00e7aise&#8221; &#8212; International Diplomat Canada\" src=\"https:\/\/internationaldiplomat.ca\/international\/dilplomatie\/frantz-voltaire-laureat-medaille-de-vermeil-de-lacademie-francaise\/embed\/#?secret=VsNA8kti2t#?secret=UeWOZ2D7JB\" data-secret=\"UeWOZ2D7JB\" width=\"500\" height=\"282\" frameborder=\"0\" marginwidth=\"0\" marginheight=\"0\" scrolling=\"no\"><\/iframe><\/p>\n<ul>\n<li><strong>4 SACR<\/strong><\/li>\n<\/ul>\n<blockquote class=\"wp-embedded-content\" data-secret=\"8o73NmTZsn\"><p><a href=\"https:\/\/internationaldiplomat.ca\/culture\/raciste-systemique-quand-un-delegue-de-la-commission-de-lonu-assiste-a-la-sacr\/\">Raciste syst\u00e9mique: quand un d\u00e9l\u00e9gu\u00e9 de la Commission de l\u2019ONU assiste \u00e0 la SACR<\/a><\/p><\/blockquote>\n<p><iframe loading=\"lazy\" class=\"wp-embedded-content\" sandbox=\"allow-scripts\" security=\"restricted\" style=\"position: absolute; visibility: hidden;\" title=\"&#8220;Raciste syst\u00e9mique: quand un d\u00e9l\u00e9gu\u00e9 de la Commission de l\u2019ONU assiste \u00e0 la SACR&#8221; &#8212; International Diplomat Canada\" src=\"https:\/\/internationaldiplomat.ca\/culture\/raciste-systemique-quand-un-delegue-de-la-commission-de-lonu-assiste-a-la-sacr\/embed\/#?secret=DWsQ5Fb82o#?secret=8o73NmTZsn\" data-secret=\"8o73NmTZsn\" width=\"500\" height=\"282\" frameborder=\"0\" marginwidth=\"0\" marginheight=\"0\" scrolling=\"no\"><\/iframe><\/p>\n<ul>\n<li><strong>5 Pablo Rodriguez visite au CIDIHCA<\/strong><\/li>\n<\/ul>\n<blockquote class=\"wp-embedded-content\" data-secret=\"XDpdzvtFfk\"><p><a href=\"https:\/\/internationaldiplomat.ca\/culture\/pablo-rodriguez-en-visite-au-cidihca-exposition-des-archives-sur-lesclavage\/\">Pablo Rodriguez en Visite au CIDIHCA&#8230;. exposition des archives sur l\u2019esclavage<\/a><\/p><\/blockquote>\n<p><iframe loading=\"lazy\" class=\"wp-embedded-content\" sandbox=\"allow-scripts\" security=\"restricted\" style=\"position: absolute; visibility: hidden;\" title=\"&#8220;Pablo Rodriguez en Visite au CIDIHCA&#8230;. exposition des archives sur l\u2019esclavage&#8221; &#8212; International Diplomat Canada\" src=\"https:\/\/internationaldiplomat.ca\/culture\/pablo-rodriguez-en-visite-au-cidihca-exposition-des-archives-sur-lesclavage\/embed\/#?secret=RvNNtuv8Ut#?secret=XDpdzvtFfk\" data-secret=\"XDpdzvtFfk\" width=\"500\" height=\"282\" frameborder=\"0\" marginwidth=\"0\" marginheight=\"0\" scrolling=\"no\"><\/iframe><\/p>\n<ul>\n<li><strong>6 Max Manigat: Vive Salnava<\/strong><\/li>\n<\/ul>\n<blockquote class=\"wp-embedded-content\" data-secret=\"vUL9wsXHU5\"><p><a href=\"https:\/\/internationaldiplomat.ca\/international\/haiti\/vive-salnave-de-max-manigat-a-son-ami-jean-claude-valbrun-une-lettre-qui-nest-pas-morte\/\">VIVE SALNAVE DE MAX MANIGAT \u00c0 SON AMI JEAN-CLAUDE VALBRUN Une lettre qui n\u2019est pas morte<\/a><\/p><\/blockquote>\n<p><iframe loading=\"lazy\" class=\"wp-embedded-content\" sandbox=\"allow-scripts\" security=\"restricted\" style=\"position: absolute; visibility: hidden;\" title=\"&#8220;VIVE SALNAVE DE MAX MANIGAT \u00c0 SON AMI JEAN-CLAUDE VALBRUN Une lettre qui n\u2019est pas morte&#8221; &#8212; International Diplomat Canada\" src=\"https:\/\/internationaldiplomat.ca\/international\/haiti\/vive-salnave-de-max-manigat-a-son-ami-jean-claude-valbrun-une-lettre-qui-nest-pas-morte\/embed\/#?secret=zdOF4WAuC8#?secret=vUL9wsXHU5\" data-secret=\"vUL9wsXHU5\" width=\"500\" height=\"282\" frameborder=\"0\" marginwidth=\"0\" marginheight=\"0\" scrolling=\"no\"><\/iframe><\/p>\n<ul>\n<li><strong><a href=\"https:\/\/www.rfi.fr\/fr\/podcasts\/koze-kilti\/20250426-koze-kilti-%C3%A0-montr%C3%A9al-%E2%80%93-cidihca-pr%C3%A9server-la-m%C3%A9moire\">rfI<\/a><\/strong><\/li>\n<li><a href=\"https:\/\/africultures.com\/structures\/?no=411\"><strong>Africulture<\/strong><\/a><\/li>\n<li><strong><a href=\"https:\/\/www.rcinet.ca\/fr\/2013\/08\/12\/ninette-piou-linspiration-derriere-la-journee-du-livre-haitien\/\">SRC<\/a><\/strong><\/li>\n<li><a href=\"https:\/\/journalmetro.com\/actualites\/montreal\/2616009\/ces-haitiens-qui-ont-bati-le-quebec-pendant-la-revolution-tranquille\/\"><strong>journal M\u00e9tro<\/strong><\/a><\/li>\n<li><a href=\"https:\/\/www.ledevoir.com\/lire\/658566\/essai-une-odyssee-sans-retour-a-ithaque\"><strong>Le devoir<\/strong><\/a><\/li>\n<li><a href=\"https:\/\/rezonodwes.com\/?p=309365#google_vignette\">Rezo N\u00f2dw\u00e8s<\/a><\/li>\n<\/ul>\n<p>a<\/p>\n<p>&nbsp;<\/p>\n","protected":false},"excerpt":{"rendered":"<p>Relations M\u00e9dias 1 Mariloud&rsquo;art Mariloud\u2019art &#8211; Spectacle termin\u00e9 2 Anthony Phelps Litt\u00e9rature Litt\u00e9ratures: Phelps, Grimaldi, Kauss, Baaz, Drummond, Milc\u00e9, L.L. Laventure 3 Frantz Voltaire Frantz Voltaire Laur\u00e9at M\u00e9daille de Vermeil de l&#8217;Acad\u00e9mie fran\u00e7aise 4 SACR Raciste syst\u00e9mique: quand un d\u00e9l\u00e9gu\u00e9 de la Commission de l\u2019ONU assiste \u00e0 la SACR 5 Pablo Rodriguez visite au CIDIHCA Pablo Rodriguez en Visite au CIDIHCA&#8230;. exposition des archives sur l\u2019esclavage 6 Max Manigat: Vive Salnava VIVE SALNAVE DE MAX MANIGAT \u00c0 SON AMI JEAN-CLAUDE VALBRUN Une lettre qui n\u2019est pas morte rfI Africulture SRC&#8230; <\/p>\n","protected":false},"author":1,"featured_media":0,"parent":0,"menu_order":0,"comment_status":"closed","ping_status":"closed","template":"","meta":{"footnotes":""},"class_list":["post-259","page","type-page","status-publish","hentry"],"_links":{"self":[{"href":"https:\/\/cidihca.press\/index.php?rest_route=\/wp\/v2\/pages\/259","targetHints":{"allow":["GET"]}}],"collection":[{"href":"https:\/\/cidihca.press\/index.php?rest_route=\/wp\/v2\/pages"}],"about":[{"href":"https:\/\/cidihca.press\/index.php?rest_route=\/wp\/v2\/types\/page"}],"author":[{"embeddable":true,"href":"https:\/\/cidihca.press\/index.php?rest_route=\/wp\/v2\/users\/1"}],"replies":[{"embeddable":true,"href":"https:\/\/cidihca.press\/index.php?rest_route=%2Fwp%2Fv2%2Fcomments&post=259"}],"version-history":[{"count":11,"href":"https:\/\/cidihca.press\/index.php?rest_route=\/wp\/v2\/pages\/259\/revisions"}],"predecessor-version":[{"id":302,"href":"https:\/\/cidihca.press\/index.php?rest_route=\/wp\/v2\/pages\/259\/revisions\/302"}],"wp:attachment":[{"href":"https:\/\/cidihca.press\/index.php?rest_route=%2Fwp%2Fv2%2Fmedia&parent=259"}],"curies":[{"name":"wp","href":"https:\/\/api.w.org\/{rel}","templated":true}]}}